{"id":639,"date":"2024-10-23T15:46:39","date_gmt":"2024-10-23T12:46:39","guid":{"rendered":"https:\/\/batitek.xdemo.site\/?page_id=639"},"modified":"2024-10-29T15:39:19","modified_gmt":"2024-10-29T12:39:19","slug":"kurumsal","status":"publish","type":"page","link":"https:\/\/bati-tek.com\/index.php\/tr\/kurumsal\/","title":{"rendered":"Kurumsal"},"content":{"rendered":"\t\t<div data-elementor-type=\"wp-page\" data-elementor-id=\"639\" class=\"elementor elementor-639\">\n\t\t\t\t<div class=\"elementor-element elementor-element-47a8853c e-con-full e-flex e-con e-parent\" data-id=\"47a8853c\" data-element_type=\"container\">\n\t\t<div class=\"elementor-element elementor-element-17565af1 e-con-full e-flex e-con e-child\" data-id=\"17565af1\" data-element_type=\"container\" data-settings=\"{&quot;background_background&quot;:&quot;classic&quot;}\">\n\t\t\t\t<\/div>\n\t\t<div class=\"elementor-element elementor-element-8734fb e-con-full e-flex e-con e-child\" data-id=\"8734fb\" data-element_type=\"container\">\n\t\t\t\t<div class=\"elementor-element elementor-element-12836e92 elementor-widget elementor-widget-heading\" data-id=\"12836e92\" data-element_type=\"widget\" data-widget_type=\"heading.default\">\n\t\t\t\t<div class=\"elementor-widget-container\">\n\t\t\t<h6 class=\"elementor-heading-title elementor-size-default\">Hakk\u0131m\u0131zda<\/h6>\t\t<\/div>\n\t\t\t\t<\/div>\n\t\t\t\t<div class=\"elementor-element elementor-element-3fd0410 elementor-widget elementor-widget-heading\" data-id=\"3fd0410\" data-element_type=\"widget\" data-widget_type=\"heading.default\">\n\t\t\t\t<div class=\"elementor-widget-container\">\n\t\t\t<h1 class=\"elementor-heading-title elementor-size-default\">Hikayemiz<\/h1>\t\t<\/div>\n\t\t\t\t<\/div>\n\t\t\t\t<div class=\"elementor-element elementor-element-662ba29b elementor-invisible elementor-widget elementor-widget-text-editor\" data-id=\"662ba29b\" data-element_type=\"widget\" data-settings=\"{&quot;_animation&quot;:&quot;fadeIn&quot;,&quot;_animation_delay&quot;:400}\" data-widget_type=\"text-editor.default\">\n\t\t\t\t<div class=\"elementor-widget-container\">\n\t\t\t\t\t\t\t<p>Bat\u0131tek, 1980 y\u0131l\u0131ndan bu yana ba\u015fta beyaz e\u015fya olmak \u00fczere otomotiv, makine ve in\u015faat sekt\u00f6rlerine hizmet veren ve 2024 ile \u00d6zta\u015f Metal Grup \u2018un teknolojik ve inovatif so\u011futma kulvar\u0131nda hizmet veren \u015firketidir.<\/p><p>\u015eirketimiz, konusunda uzman tecr\u00fcbeli m\u00fchendislerle birlikte s\u00fcrd\u00fcr\u00fclebilir b\u00fcy\u00fcme vizyonuyla \u00f6zellikle savunma sanayi, demiryolu, elektrikli ticari ara\u00e7 end\u00fcstrisi ve havac\u0131l\u0131k servis \u00fcniteleri projelerinde g\u00fc\u00e7l\u00fc bir \u00e7\u00f6z\u00fcm orta\u011f\u0131 olmu\u015ftur.<\/p><p>\u00d6zta\u015f Metal Grup organizasyonel, altyap\u0131 ve operasyonel yetkinlikleri, Bat\u0131tek i\u00e7in \u00f6nemli ve fark yaratan bir destek sa\u011flamaktad\u0131r.<\/p><p>Bat\u0131tek olarak amac\u0131m\u0131z \u00e7\u00f6z\u00fcm orta\u011f\u0131 oldu\u011fumuz t\u00fcm projelerde m\u00fc\u015fterilerimizin beklentilerini a\u015fmakt\u0131r.<\/p>\t\t\t\t\t\t<\/div>\n\t\t\t\t<\/div>\n\t\t\t\t<\/div>\n\t\t\t\t<\/div>\n\t\t<div class=\"elementor-element elementor-element-243b162b elementor-hidden-desktop elementor-hidden-tablet elementor-hidden-mobile e-flex e-con-boxed e-con e-parent\" data-id=\"243b162b\" data-element_type=\"container\">\n\t\t\t\t\t<div class=\"e-con-inner\">\n\t\t<div class=\"elementor-element elementor-element-46fd6c19 e-con-full e-flex e-con e-child\" data-id=\"46fd6c19\" data-element_type=\"container\">\n\t\t\t\t<div class=\"elementor-element elementor-element-642346c5 elementor-widget elementor-widget-heading\" data-id=\"642346c5\" data-element_type=\"widget\" data-widget_type=\"heading.default\">\n\t\t\t\t<div class=\"elementor-widget-container\">\n\t\t\t<h2 class=\"elementor-heading-title elementor-size-default\">Markalar\u0131m\u0131z<\/h2>\t\t<\/div>\n\t\t\t\t<\/div>\n\t\t\t\t<div class=\"elementor-element elementor-element-14575f6a elementor-widget__width-initial elementor-widget-mobile__width-inherit elementor-widget elementor-widget-text-editor\" data-id=\"14575f6a\" data-element_type=\"widget\" data-widget_type=\"text-editor.default\">\n\t\t\t\t<div class=\"elementor-widget-container\">\n\t\t\t\t\t\t\t<p>G\u00fc\u00e7l\u00fc markalar\u0131m\u0131zla en y\u00fcksek kalitede ve en g\u00fcvenilir \u00fcr\u00fcnleri \u00fcretmeyi hedefliyoruz. Uzman kadromuz ve d\u00fcnya standartlar\u0131ndaki \u00fcretim tesislerimiz ile \u00f6nc\u00fc \u00fcr\u00fcnler \u00fcretiyoruz.<\/p>\t\t\t\t\t\t<\/div>\n\t\t\t\t<\/div>\n\t\t\t\t<\/div>\n\t\t<div class=\"elementor-element elementor-element-e1c9ce9 e-con-full e-flex e-con e-child\" data-id=\"e1c9ce9\" data-element_type=\"container\" data-settings=\"{&quot;background_background&quot;:&quot;classic&quot;}\">\n\t\t\t\t<div class=\"elementor-element elementor-element-1105a178 elementor-widget elementor-widget-image\" data-id=\"1105a178\" data-element_type=\"widget\" data-widget_type=\"image.default\">\n\t\t\t\t<div class=\"elementor-widget-container\">\n\t\t\t\t\t\t\t\t\t\t\t\t\t<img fetchpriority=\"high\" decoding=\"async\" width=\"382\" height=\"497\" src=\"https:\/\/bati-tek.com\/wp-content\/uploads\/2024\/10\/brands-left.png\" class=\"attachment-full size-full wp-image-423\" alt=\"\" srcset=\"https:\/\/bati-tek.com\/wp-content\/uploads\/2024\/10\/brands-left.png 382w, https:\/\/bati-tek.com\/wp-content\/uploads\/2024\/10\/brands-left-231x300.png 231w\" sizes=\"(max-width: 382px) 100vw, 382px\" \/>\t\t\t\t\t\t\t\t\t\t\t\t\t<\/div>\n\t\t\t\t<\/div>\n\t\t\t\t<div class=\"elementor-element elementor-element-56eb71d6 elementor-widget elementor-widget-image\" data-id=\"56eb71d6\" data-element_type=\"widget\" data-widget_type=\"image.default\">\n\t\t\t\t<div class=\"elementor-widget-container\">\n\t\t\t\t\t\t\t\t\t\t\t\t\t<img decoding=\"async\" width=\"486\" height=\"667\" src=\"https:\/\/bati-tek.com\/wp-content\/uploads\/2024\/10\/Brands-right.jpg\" class=\"attachment-full size-full wp-image-512\" alt=\"\" srcset=\"https:\/\/bati-tek.com\/wp-content\/uploads\/2024\/10\/Brands-right.jpg 486w, https:\/\/bati-tek.com\/wp-content\/uploads\/2024\/10\/Brands-right-219x300.jpg 219w\" sizes=\"(max-width: 486px) 100vw, 486px\" \/>\t\t\t\t\t\t\t\t\t\t\t\t\t<\/div>\n\t\t\t\t<\/div>\n\t\t\t\t<\/div>\n\t\t\t\t\t<\/div>\n\t\t\t\t<\/div>\n\t\t<div class=\"elementor-element elementor-element-6aa1a44 e-flex e-con-boxed e-con e-parent\" data-id=\"6aa1a44\" data-element_type=\"container\">\n\t\t\t\t\t<div class=\"e-con-inner\">\n\t\t<div class=\"elementor-element elementor-element-02501b7 e-con-full e-flex e-con e-child\" data-id=\"02501b7\" data-element_type=\"container\">\n\t\t<div class=\"elementor-element elementor-element-9064f68 e-con-full e-flex e-con e-child\" data-id=\"9064f68\" data-element_type=\"container\">\n\t\t\t\t<div class=\"elementor-element elementor-element-a64d6e6 elementor-widget elementor-widget-heading\" data-id=\"a64d6e6\" data-element_type=\"widget\" data-widget_type=\"heading.default\">\n\t\t\t\t<div class=\"elementor-widget-container\">\n\t\t\t<h2 class=\"elementor-heading-title elementor-size-default\">Neden Biz<\/h2>\t\t<\/div>\n\t\t\t\t<\/div>\n\t\t<div class=\"elementor-element elementor-element-abd16d3 e-con-full e-flex e-con e-child\" data-id=\"abd16d3\" data-element_type=\"container\">\n\t\t<div class=\"elementor-element elementor-element-dffaa1a e-con-full e-flex e-con e-child\" data-id=\"dffaa1a\" data-element_type=\"container\" data-settings=\"{&quot;background_background&quot;:&quot;classic&quot;}\">\n\t\t\t\t<div class=\"elementor-element elementor-element-eb68c73 elementor-widget elementor-widget-heading\" data-id=\"eb68c73\" data-element_type=\"widget\" data-widget_type=\"heading.default\">\n\t\t\t\t<div class=\"elementor-widget-container\">\n\t\t\t<h4 class=\"elementor-heading-title elementor-size-default\">Uzmanl\u0131k<\/h4>\t\t<\/div>\n\t\t\t\t<\/div>\n\t\t\t\t<div class=\"elementor-element elementor-element-ce030bf elementor-widget-divider--view-line elementor-widget elementor-widget-divider\" data-id=\"ce030bf\" data-element_type=\"widget\" data-widget_type=\"divider.default\">\n\t\t\t\t<div class=\"elementor-widget-container\">\n\t\t\t\t\t<div class=\"elementor-divider\">\n\t\t\t<span class=\"elementor-divider-separator\">\n\t\t\t\t\t\t<\/span>\n\t\t<\/div>\n\t\t\t\t<\/div>\n\t\t\t\t<\/div>\n\t\t\t\t<div class=\"elementor-element elementor-element-4a282ad elementor-widget elementor-widget-text-editor\" data-id=\"4a282ad\" data-element_type=\"widget\" data-widget_type=\"text-editor.default\">\n\t\t\t\t<div class=\"elementor-widget-container\">\n\t\t\t\t\t\t\t<p>Uzman kadromuzla hizmetinizdeyiz<\/p>\t\t\t\t\t\t<\/div>\n\t\t\t\t<\/div>\n\t\t\t\t<\/div>\n\t\t<div class=\"elementor-element elementor-element-ebbfaed e-con-full e-flex e-con e-child\" data-id=\"ebbfaed\" data-element_type=\"container\" data-settings=\"{&quot;background_background&quot;:&quot;classic&quot;}\">\n\t\t\t\t<div class=\"elementor-element elementor-element-9131646 elementor-widget elementor-widget-heading\" data-id=\"9131646\" data-element_type=\"widget\" data-widget_type=\"heading.default\">\n\t\t\t\t<div class=\"elementor-widget-container\">\n\t\t\t<h4 class=\"elementor-heading-title elementor-size-default\">Yetkinlik<\/h4>\t\t<\/div>\n\t\t\t\t<\/div>\n\t\t\t\t<div class=\"elementor-element elementor-element-c972d16 elementor-widget-divider--view-line elementor-widget elementor-widget-divider\" data-id=\"c972d16\" data-element_type=\"widget\" data-widget_type=\"divider.default\">\n\t\t\t\t<div class=\"elementor-widget-container\">\n\t\t\t\t\t<div class=\"elementor-divider\">\n\t\t\t<span class=\"elementor-divider-separator\">\n\t\t\t\t\t\t<\/span>\n\t\t<\/div>\n\t\t\t\t<\/div>\n\t\t\t\t<\/div>\n\t\t\t\t<div class=\"elementor-element elementor-element-75aa105 elementor-widget elementor-widget-text-editor\" data-id=\"75aa105\" data-element_type=\"widget\" data-widget_type=\"text-editor.default\">\n\t\t\t\t<div class=\"elementor-widget-container\">\n\t\t\t\t\t\t\t<p>40 Y\u0131l\u0131 a\u015fk\u0131n deneyimimizle uzmanl\u0131\u011f\u0131m\u0131z\u0131 sunuyoruz<\/p>\t\t\t\t\t\t<\/div>\n\t\t\t\t<\/div>\n\t\t\t\t<\/div>\n\t\t<div class=\"elementor-element elementor-element-4403a1f e-con-full e-flex e-con e-child\" data-id=\"4403a1f\" data-element_type=\"container\" data-settings=\"{&quot;background_background&quot;:&quot;classic&quot;}\">\n\t\t\t\t<div class=\"elementor-element elementor-element-966b714 elementor-widget elementor-widget-heading\" data-id=\"966b714\" data-element_type=\"widget\" data-widget_type=\"heading.default\">\n\t\t\t\t<div class=\"elementor-widget-container\">\n\t\t\t<h4 class=\"elementor-heading-title elementor-size-default\">G\u00fcveninirlik<\/h4>\t\t<\/div>\n\t\t\t\t<\/div>\n\t\t\t\t<div class=\"elementor-element elementor-element-a1949ae elementor-widget-divider--view-line elementor-widget elementor-widget-divider\" data-id=\"a1949ae\" data-element_type=\"widget\" data-widget_type=\"divider.default\">\n\t\t\t\t<div class=\"elementor-widget-container\">\n\t\t\t\t\t<div class=\"elementor-divider\">\n\t\t\t<span class=\"elementor-divider-separator\">\n\t\t\t\t\t\t<\/span>\n\t\t<\/div>\n\t\t\t\t<\/div>\n\t\t\t\t<\/div>\n\t\t\t\t<div class=\"elementor-element elementor-element-a1310b4 elementor-widget elementor-widget-text-editor\" data-id=\"a1310b4\" data-element_type=\"widget\" data-widget_type=\"text-editor.default\">\n\t\t\t\t<div class=\"elementor-widget-container\">\n\t\t\t\t\t\t\t<p>En g\u00fcvenilir \u00fcretim ve kullan\u0131m<\/p>\t\t\t\t\t\t<\/div>\n\t\t\t\t<\/div>\n\t\t\t\t<\/div>\n\t\t<div class=\"elementor-element elementor-element-22c9061 e-con-full e-flex e-con e-child\" data-id=\"22c9061\" data-element_type=\"container\" data-settings=\"{&quot;background_background&quot;:&quot;classic&quot;}\">\n\t\t\t\t<div class=\"elementor-element elementor-element-eef6b0d elementor-widget elementor-widget-heading\" data-id=\"eef6b0d\" data-element_type=\"widget\" data-widget_type=\"heading.default\">\n\t\t\t\t<div class=\"elementor-widget-container\">\n\t\t\t<h4 class=\"elementor-heading-title elementor-size-default\">S\u00fcrd\u00fcr\u00fclebilirlik<\/h4>\t\t<\/div>\n\t\t\t\t<\/div>\n\t\t\t\t<div class=\"elementor-element elementor-element-54ae3f3 elementor-widget-divider--view-line elementor-widget elementor-widget-divider\" data-id=\"54ae3f3\" data-element_type=\"widget\" data-widget_type=\"divider.default\">\n\t\t\t\t<div class=\"elementor-widget-container\">\n\t\t\t\t\t<div class=\"elementor-divider\">\n\t\t\t<span class=\"elementor-divider-separator\">\n\t\t\t\t\t\t<\/span>\n\t\t<\/div>\n\t\t\t\t<\/div>\n\t\t\t\t<\/div>\n\t\t\t\t<div class=\"elementor-element elementor-element-ba1e320 elementor-widget elementor-widget-text-editor\" data-id=\"ba1e320\" data-element_type=\"widget\" data-widget_type=\"text-editor.default\">\n\t\t\t\t<div class=\"elementor-widget-container\">\n\t\t\t\t\t\t\t<p>S\u00fcrd\u00fcr\u00fclebilir \u00fcr\u00fcnler<\/p>\t\t\t\t\t\t<\/div>\n\t\t\t\t<\/div>\n\t\t\t\t<\/div>\n\t\t\t\t<\/div>\n\t\t\t\t<\/div>\n\t\t\t\t<\/div>\n\t\t\t\t\t<\/div>\n\t\t\t\t<\/div>\n\t\t\t\t<\/div>\n\t\t","protected":false},"excerpt":{"rendered":"<p>Hakk\u0131m\u0131zda Hikayemiz Bat\u0131tek, 1980 y\u0131l\u0131ndan bu yana ba\u015fta beyaz e\u015fya olmak \u00fczere otomotiv, makine ve in\u015faat sekt\u00f6rlerine hizmet veren ve 2024 ile \u00d6zta\u015f Metal Grup \u2018un teknolojik ve inovatif so\u011futma kulvar\u0131nda hizmet veren \u015firketidir. \u015eirketimiz, konusunda uzman tecr\u00fcbeli m\u00fchendislerle birlikte s\u00fcrd\u00fcr\u00fclebilir b\u00fcy\u00fcme vizyonuyla \u00f6zellikle savunma sanayi, demiryolu, elektrikli ticari ara\u00e7 end\u00fcstrisi ve havac\u0131l\u0131k servis \u00fcniteleri [&hellip;]<\/p>\n","protected":false},"author":1,"featured_media":0,"parent":0,"menu_order":0,"comment_status":"closed","ping_status":"closed","template":"elementor_header_footer","meta":{"_eb_attr":"","footnotes":""},"class_list":["post-639","page","type-page","status-publish","hentry"],"_links":{"self":[{"href":"https:\/\/bati-tek.com\/index.php\/wp-json\/wp\/v2\/pages\/639","targetHints":{"allow":["GET"]}}],"collection":[{"href":"https:\/\/bati-tek.com\/index.php\/wp-json\/wp\/v2\/pages"}],"about":[{"href":"https:\/\/bati-tek.com\/index.php\/wp-json\/wp\/v2\/types\/page"}],"author":[{"embeddable":true,"href":"https:\/\/bati-tek.com\/index.php\/wp-json\/wp\/v2\/users\/1"}],"replies":[{"embeddable":true,"href":"https:\/\/bati-tek.com\/index.php\/wp-json\/wp\/v2\/comments?post=639"}],"version-history":[{"count":7,"href":"https:\/\/bati-tek.com\/index.php\/wp-json\/wp\/v2\/pages\/639\/revisions"}],"predecessor-version":[{"id":695,"href":"https:\/\/bati-tek.com\/index.php\/wp-json\/wp\/v2\/pages\/639\/revisions\/695"}],"wp:attachment":[{"href":"https:\/\/bati-tek.com\/index.php\/wp-json\/wp\/v2\/media?parent=639"}],"curies":[{"name":"wp","href":"https:\/\/api.w.org\/{rel}","templated":true}]}}